 145.
144
What is the remainder when 1728613 is divided by 79?
14
What is the remainder when 1157529 is divided by 244?
237
Calculate the remainder when 23574 is divided by 11607.
360
What is the remainder when 32519 is divided by 2951?
58
What is the remainder when 19579 is divided by 61?
59
What is the remainder when 169614 is divided by 56507?
93
What is the remainder when 57100 is divided by 15?
10
What is the remainder when 10168 is divided by 61?
42
Calculate the remainder when 652 is divided by 165.
157
Calculate the remainder when 1348 is divided by 478.
392
What is the remainder when 449 is divided by 28?
1
What is the remainder when 3433639 is divided by 140?
139
Calculate the remainder when 5369 is divided by 510.
269
What is the remainder when 23008 is divided by 84?
76
What is the remainder when 31138 is divided by 15141?
856
What is the remainder when 2702 is divided by 1315?
72
Calculate the remainder when 1346 is divided by 270.
266
Calculate the remainder when 99948 is divided by 14.
2
What is the remainder when 2778 is divided by 2687?
91
What is the remainder when 436 is divided by 47?
13
What is the remainder when 19699 is divided by 407?
163
What is the remainder when 8091 is divided by 2674?
69
Calculate the remainder when 36235 is divided by 75.
10
Calculate the remainder when 11320 is divided by 5476.
368
What is the remainder when 6031 is divided by 2995?
41
Calculate the remainder when 123594 is divided by 95.
94
Calculate the remainder when 1844340 is divided by 58.
56
What is the remainder when 1246007 is divided by 557?
555
What is the remainder when 126359 is divided by 73?
69
Calculate the remainder when 2371 is divided by 741.
148
What is the remainder when 80097 is divided by 225?
222
What is the remainder when 131003 is divided by 32747?
15
What is the remainder when 6153 is divided by 186?
15
What is the remainder when 10251 is divided by 190?
181
Calculate the remainder when 10733 is divided by 5337.
59
Calculate the remainder when 268677 is divided by 95.
17
Calculate the remainder when 14866 is divided by 2971.
11
Calculate the remainder when 7796 is divided by 1553.
31
Calculate the remainder when 721 is divided by 669.
52
Calculate the remainder when 10930 is divided by 3568.
226
What is the remainder when 45531 is divided by 2168?
3
Calculate the remainder when 37806 is divided by 20.
6
Calculate the remainder when 6115 is divided by 342.
301
What is the remainder when 41749 is divided by 68?
65
Calculate the remainder when 2500 is divided by 321.
253
What is the remainder when 4469 is divided by 154?
3
Calculate the remainder when 1129378 is divided by 12.
10
What is the remainder when 12241 is divided by 1354?
55
Calculate the remainder when 218374 is divided by 324.
322
What is the remainder when 10625 is divided by 14?
13
Calculate the remainder when 6497 is divided by 3228.
41
What is the remainder when 3069 is divided by 81?
72
What is the remainder when 5881 is divided by 181?
89
What is the remainder when 17711 is divided by 4418?
39
What is the remainder when 38641 is divided by 3?
1
Calculate the remainder when 75205 is divided by 61.
53
Calculate the remainder when 8465 is divided by 8455.
10
What is the remainder when 4729 is divided by 302?
199
What is the remainder when 781023 is divided by 260341?
0
What is the remainder when 3636 is divided by 620?
536
What is the remainder when 18824 is divided by 146?
136
What is the remainder when 13090 is divided by 102?
34
What is the remainder when 79773 is divided by 72?
69
Calculate the remainder when 71742 is divided by 35794.
154
Calculate the remainder when 339776 is divided by 19.
18
What is the remainder when 95488 is divided by 7?
1
What is the remainder when 390950 is divided by 23?
19
What is the remainder when 604 is divided by 229?
146
What is the remainder when 4926 is divided by 682?
152
Calculate the remainder when 7994 is divided by 420.
14
What is the remainder when 2623 is divided by 217?
19
Calculate the remainder when 23554 is divided by 151.
149
Calculate the remainder when 28406 is divided by 2843.
2819
Calculate the remainder when 2254 is divided by 29.
21
Calculate the remainder when 237043 is divided by 19.
18
What is the remainder when 762 is divided by 133?
97
What is the remainder when 1363 is divided by 1270?
93
Calculate the remainder when 2476 is divided by 11.
1
Calculate the remainder when 3035 is divided by 835.
530
What is the remainder when 2854 is divided by 36?
10
Calculate the remainder when 49486 is divided by 24728.
30
Calculate the remainder when 83841 is divided by 11.
10
Calculate the remainder when 53218 is divided by 26606.
6
Calculate the remainder when 3259 is divided by 429.
256
Calculate the remainder when 55684 is divided by 145.
4
What is the remainder when 27417 is divided by 20?
17
What is the remainder when 11394 is divided by 112?
82
Calculate the remainder when 9698030 is divided by 71.
69
Calculate the remainder when 700734 is divided by 255.
249
Calculate the remainder when 355678 is divided by 44458.
14
Calculate the remainder when 89700 is divided by 271.
270
Calculate the remainder when 2704 is divided by 476.
324
What is the remainder when 16334 is divided by 8159?
16
Calculate the remainder when 470839 is divided by 20.
19
What is the remainder when 29987 is divided by 5944?
267
What is the remainder when 9545 is divided by 180?
5
What is the remainder when 3953 is divided by 39?
14
What is the remainder when 154585 is divided by 38640?
25
What is the remainder when 2578 is divided by 848?
34
What is the remainder when 127742 is divided by 46?
0
What is the remainder when 1364 is divided by 13?
12
What is the remainder when 25049 is divided by 17?
8
Calculate the remainder when 106238 is divided by 2.
0
What is the remainder when 20615 is divided by 375?
365
What is the remainder when 26267 is divided by 219?
206
What is the remainder when 3409 is divided by 29?
16
What is the remainder when 6812 is divided by 809?
340
What is the remainder when 24637 is divided by 4924?
17
Calculate the remainder when 5825 is divided by 277.
8
Calculate the remainder when 7555 is divided by 285.
145
What is the remainder when 32551 is divided by 104?
103
What is the remainder when 3117 is divided by 4?
1
Calculate the remainder when 379001 is divided by 37.
10
What is the remainder when 29928 is divided by 220?
8
Calculate the remainder when 496524 is divided by 11822.
0
What is the remainder when 24423 is divided by 43?
42
Calculate the remainder when 42992 is divided by 108.
8
Calculate the remainder when 2907576 is divided by 1055.
1051
Calculate the remainder when 11217 is divided by 66.
63
What is the remainder when 7093 is divided by 2326?
115
What is the remainder when 395 is divided by 196?
3
What is the remainder when 4734615 is divided by 21?
18
Calculate the remainder when 740746 is divided by 1189.
1188
What is the remainder when 669 is divided by 320?
29
Calculate the remainder when 2268 is divided by 806.
656
What is the remainder when 10898 is divided by 641?
1
What is the remainder when 508 is divided by 300?
208
Calculate the remainder when 9538 is divided by 384.
322
Calculate the remainder when 3551 is divided by 520.
431
What is the remainder when 934 is divided by 677?
257
What is the remainder when 88646 is divided by 3854?
4
What is the remainder when 44946 is divided by 64?
18
Calculate the remainder when 6012 is divided by 6003.
9
Calculate the remainder when 2705 is divided by 197.
144
What is the remainder when 3296 is divided by 34?
32
Calculate the remainder when 3493 is divided by 286.
61
Calculate the remainder when 44054 is divided by 7340.
14
Calculate the remainder when 738701 is divided by 16.
13
What is the remainder when 17467 is divided by 224?
219
Calculate the remainder when 12887 is divided by 1432.
1431
What is the remainder when 2625 is divided by 506?
95
Calculate the remainder when 377003 is divided by 15.
8
Calculate the remainder when 110071 is divided by 90.
1
What is the remainder when 35816 is divided by 21?
11
What is the remainder when 1875 is divided by 22?
5
What is the remainder when 5251 is divided by 81?
67
Calculate the remainder when 1427